{"id":249,"date":"2021-09-18T19:04:20","date_gmt":"2021-09-18T19:04:20","guid":{"rendered":"http:\/\/home.kaninchenversteigerung.de\/?page_id=249"},"modified":"2021-09-18T19:44:18","modified_gmt":"2021-09-18T19:44:18","slug":"auktion-2021","status":"publish","type":"page","link":"http:\/\/home.kaninchenversteigerung.de\/?page_id=249","title":{"rendered":"Auktion 2021"},"content":{"rendered":"\n<p>Unsere Kaninchen-Auktion 2021 findet aufgrund der Corona-Pandemie &nbsp;wieder anders als in den vergangenen Jahren statt. Ob Kaninchenschauen im Herbst wirklich stattfinden k\u00f6nnen, wird niemand langfristig zusagen k\u00f6nnen. Wir m\u00f6chten trotzdem helfen, denn in dieser schweren Zeit ist dieses besonders wichtig. Wir m\u00f6chten sowohl eine Hilfsorganisation unterst\u00fctzen, als auch die Rassekaninchenz\u00fcchter selbst.<\/p>\n\n\n\n<p>Aufgrund ausgefallener Schauen und den damit verbundenen schlechteren Kauf- und Verkaufsm\u00f6glichkeiten, haben wir uns gedacht, unseren Z\u00fcchtern mit der Kaninchenversteigerung eine Plattform f\u00fcr den Kauf- und Verkauf neuer Zuchttiere zu bieten und gleichzeitig aber wie gewohnt eine Hilfsorganisation zu unterst\u00fctzen.<\/p>\n\n\n\n<p>80 % des Erl\u00f6ses gehen an den jeweiligen Z\u00fcchter, der ein Tier zur Verf\u00fcgung stellt, 20 % des Erl\u00f6ses werden gespendet. Wer einen gr\u00f6\u00dferen Anteil f\u00fcr den guten Zweck spenden m\u00f6chte, darf dies gerne tun.<\/p>\n\n\n\n<p><strong>In diesem Jahr m\u00f6chten wir die Opfer der Flutkatastrophen unterst\u00fctzen.<\/strong><\/p>\n\n\n\n<figure class=\"wp-block-gallery columns-2 is-cropped wp-block-gallery-1 is-layout-flex wp-block-gallery-is-layout-flex\"><ul class=\"blocks-gallery-grid\"><li class=\"blocks-gallery-item\"><figure><img decoding=\"async\" loading=\"lazy\" width=\"500\" height=\"506\" src=\"http:\/\/home.kaninchenversteigerung.de\/wp-content\/uploads\/2021\/09\/flut1.png\" alt=\"\" data-id=\"256\" data-full-url=\"http:\/\/home.kaninchenversteigerung.de\/wp-content\/uploads\/2021\/09\/flut1.png\" data-link=\"http:\/\/home.kaninchenversteigerung.de\/?attachment_id=256#main\" class=\"wp-image-256\" srcset=\"http:\/\/home.kaninchenversteigerung.de\/wp-content\/uploads\/2021\/09\/flut1.png 500w, http:\/\/home.kaninchenversteigerung.de\/wp-content\/uploads\/2021\/09\/flut1-296x300.png 296w\" sizes=\"(max-width: 500px) 100vw, 500px\" \/><\/figure><\/li><li class=\"blocks-gallery-item\"><figure><img decoding=\"async\" loading=\"lazy\" width=\"500\" height=\"506\" src=\"http:\/\/home.kaninchenversteigerung.de\/wp-content\/uploads\/2021\/09\/flut2.png\" alt=\"\" data-id=\"257\" data-full-url=\"http:\/\/home.kaninchenversteigerung.de\/wp-content\/uploads\/2021\/09\/flut2.png\" data-link=\"http:\/\/home.kaninchenversteigerung.de\/?attachment_id=257#main\" class=\"wp-image-257\" srcset=\"http:\/\/home.kaninchenversteigerung.de\/wp-content\/uploads\/2021\/09\/flut2.png 500w, http:\/\/home.kaninchenversteigerung.de\/wp-content\/uploads\/2021\/09\/flut2-296x300.png 296w\" sizes=\"(max-width: 500px) 100vw, 500px\" \/><\/figure><\/li><\/ul><figcaption class=\"blocks-gallery-caption\">Die Bilder zeigen die v\u00f6llig zerst\u00f6rte Stallanlage eines Zuchtfreundes aus dem Rheinland.<\/figcaption><\/figure>\n\n\n\n<p>An ersten Stelle m\u00f6chten wir Zuchtfreunde unterst\u00fctzen, die durch die Flut ihr Hab und Gut verloren haben. Sollte diese durch Versicherungen und Fluthilfen keine Unterst\u00fctzung ben\u00f6tigen, w\u00fcrden wir das Geld Flutopfer im Allgemeinen zur Verf\u00fcgung stellen. Hier denken wir an erster Stelle an die von Markus Wipperf\u00fcrth empfohlene \u201eNachbarn in Not\u201c aus Ahrweiler.<\/p>\n\n\n\n<p>Als Partner steht uns der \u201eTierversand24\u201c zur Verf\u00fcgung. Jeder, der ein Rassekaninchen ersteigert, bekommt von \u201eTierversand24\u201c einen Gutscheincode \u00fcber 5% Rabatt f\u00fcr den Versand des Tieres.<\/p>\n\n\n\n<h3 class=\"wp-block-heading\">Macht alle mit und helft uns, die Flutopfer zu unterst\u00fctzen. <\/h3>\n\n\n\n<p>Helft uns auch, unser sch\u00f6nes Hobby trotz Corona-Pandemie und ausfallender Schauen weiterleben zu lassen. Erm\u00f6glicht es den Z\u00fcchterinnen und Z\u00fcchtern noch an neue Zuchttiere heranzukommen. Mit jeder Auktion helft Ihr somit doppelt!<\/p>\n\n\n\n<p>Wir w\u00fcrden uns sehr freuen, wenn viele Z\u00fcchterinnen und Z\u00fcchter an unserer Kaninchen-Auktion 2021\/22 teilnehmen w\u00fcrden.<\/p>\n\n\n\n<h2 class=\"has-text-color wp-block-heading\" style=\"color:#ff6f00\"><strong>Kaninchenversteigerung 2021<\/strong><\/h2>\n\n\n\n<p>Die aktuellen Neuigkeiten zur Kaninchenauktion 2021, erfahren Sie immer hier oder im Rassekaninchenzuchtforum unter&nbsp;<a href=\"http:\/\/www.rkz-forum.de\">www.rkz-forum.de<\/a>.<\/p>\n\n\n\n<p><strong>Helfen Sie mit!<\/strong><\/p>\n\n\n\n<p>Wir bitten Sie, auch die diesj\u00e4hrige Auktion zu einem vollen Erfolg werden zu lassen. Stellen Sie Kaninchen, Kaninchenzubeh\u00f6r oder Futter und stellen Sie es online zur Auktion bereit.<\/p>\n\n\n\n<p>Wenn Sie Hilfe dabei ben\u00f6tigen, sind wir \u00fcber das Kontaktformular unter:<br><a href=\"http:\/\/www.kaninchenversteigerung.de\">www.kaninchenversteigerung.de<\/a> immer f\u00fcr Sie erreichbar. Entsprechende Anleitungen zur Teilnahme an der Auktion, stehen selbstverst\u00e4ndlich ebenfalls dort f\u00fcr Sie bereit.<\/p>\n\n\n\n<p class=\"has-text-color\" style=\"color:#00a306\"><strong><br>So k\u00f6nnen Sie mitmachen:<\/strong><\/p>\n\n\n\n<p class=\"has-text-color\" style=\"color:#00a306\"><strong>Melden Sie sich kostenlos unter:<\/strong><\/p>\n\n\n\n<p><a href=\"http:\/\/www.kaninchenversteigerung.de\/Auktion\/index.php\">www.kaninchenversteigerung.de\/Auktion<\/a><\/p>\n\n\n\n<p>an und stellen Sie Ihre Kaninchen, Kaninchenfutter, Zubeh\u00f6r und \u00c4hnliches zur Versteigerung ein oder ersteigern Sie die Rassekaninchen erfolgreicher Z\u00fcchter.<\/p>\n\n\n\n<p>Wir w\u00fcrden uns sehr freuen, wenn sich m\u00f6glichst viele Spender und Bieter finden lassen w\u00fcrden. Die aktuellen Neuigkeiten zu der Kaninchenauktion 2021, erfahren Sie immer \u00fcber unser Forum unter&nbsp;<a href=\"http:\/\/www.rkz-forum.de\/forum-rkz\/forum\/index.php?page=Portal\">www.rkz\u2010forum.de<\/a>&nbsp;und auf unserer&nbsp;<a href=\"https:\/\/www.facebook.com\/Rassekaninchenzuchtforum-244328782291542\/\">Facebook\u2010Seite<\/a>, sowie in den verschiedenen Facebook\u2010 Gruppen, die sich mit dem Thema Kaninchen besch\u00e4ftigen.<\/p>\n\n\n\n<p>Ebenso beteiligen sich der ZDRK, die Kaninchenzeitung und die Kleintiernews an der Versteigerung. Diese werden \u00fcber die Kaninchenauktion berichten und sie durch Werbung unterst\u00fctzen.<\/p>\n\n\n\n<p>Helfen auch Sie mit, jeder Cent z\u00e4hlt!<\/p>\n\n\n\n<p>Ihr RKZ\u2010Team<\/p>\n\n\n\n<p>\u2010 F\u00f6rderverein Rassekaninchenzuchtforum e.V.\u2010<\/p>\n","protected":false},"excerpt":{"rendered":"<p>Unsere Kaninchen-Auktion 2021 findet aufgrund der Corona-Pandemie &nbsp;wieder anders als in den vergangenen Jahren statt. Ob Kaninchenschauen im Herbst wirklich stattfinden k\u00f6nnen, wird niemand langfristig zusagen k\u00f6nnen. Wir m\u00f6chten trotzdem helfen, denn in dieser schweren Zeit ist dieses besonders wichtig. Wir m\u00f6chten sowohl eine Hilfsorganisation unterst\u00fctzen, als auch die Rassekaninchenz\u00fcchter selbst. Aufgrund ausgefallener Schauen und <a class=\"more-link\" href=\"http:\/\/home.kaninchenversteigerung.de\/?page_id=249\">weiterlesen&#8230;<\/a><\/p>\n","protected":false},"author":1,"featured_media":250,"parent":0,"menu_order":0,"comment_status":"closed","ping_status":"closed","template":"","meta":{"footnotes":""},"_links":{"self":[{"href":"http:\/\/home.kaninchenversteigerung.de\/index.php?rest_route=\/wp\/v2\/pages\/249"}],"collection":[{"href":"http:\/\/home.kaninchenversteigerung.de\/index.php?rest_route=\/wp\/v2\/pages"}],"about":[{"href":"http:\/\/home.kaninchenversteigerung.de\/index.php?rest_route=\/wp\/v2\/types\/page"}],"author":[{"embeddable":true,"href":"http:\/\/home.kaninchenversteigerung.de\/index.php?rest_route=\/wp\/v2\/users\/1"}],"replies":[{"embeddable":true,"href":"http:\/\/home.kaninchenversteigerung.de\/index.php?rest_route=%2Fwp%2Fv2%2Fcomments&post=249"}],"version-history":[{"count":4,"href":"http:\/\/home.kaninchenversteigerung.de\/index.php?rest_route=\/wp\/v2\/pages\/249\/revisions"}],"predecessor-version":[{"id":263,"href":"http:\/\/home.kaninchenversteigerung.de\/index.php?rest_route=\/wp\/v2\/pages\/249\/revisions\/263"}],"wp:featuredmedia":[{"embeddable":true,"href":"http:\/\/home.kaninchenversteigerung.de\/index.php?rest_route=\/wp\/v2\/media\/250"}],"wp:attachment":[{"href":"http:\/\/home.kaninchenversteigerung.de\/index.php?rest_route=%2Fwp%2Fv2%2Fmedia&parent=249"}],"curies":[{"name":"wp","href":"https:\/\/api.w.org\/{rel}","templated":true}]}}